{"id":1599,"date":"2020-09-03T19:04:14","date_gmt":"2020-09-03T16:04:14","guid":{"rendered":"http:\/\/yilmaxgumruk.com\/?page_id=1599"},"modified":"2022-08-22T10:13:33","modified_gmt":"2022-08-22T07:13:33","slug":"yonetim-ilkeleri","status":"publish","type":"page","link":"https:\/\/yilmaxgumruk.com\/?page_id=1599","title":{"rendered":"Y\u00f6netim \u0130lkeleri"},"content":{"rendered":"\t\t<div data-elementor-type=\"wp-post\" data-elementor-id=\"1599\" class=\"elementor elementor-1599\" data-elementor-settings=\"[]\">\n\t\t\t\t\t\t<div class=\"elementor-inner\">\n\t\t\t\t\t\t\t<div class=\"elementor-section-wrap\">\n\t\t\t\t\t\t\t<section class=\"elementor-section elementor-top-section elementor-element elementor-element-3ac3cd3 elementor-section-boxed elementor-section-height-default elementor-section-height-default\" data-id=\"3ac3cd3\" data-element_type=\"section\">\n\t\t\t\t\t\t<div class=\"elementor-container elementor-column-gap-default\">\n\t\t\t\t\t\t\t<div class=\"elementor-row\">\n\t\t\t\t\t<div class=\"elementor-column elementor-col-33 elementor-top-column elementor-element elementor-element-70212bb\" data-id=\"70212bb\" data-element_type=\"column\">\n\t\t\t<div class=\"elementor-column-wrap elementor-element-populated\">\n\t\t\t\t\t\t\t<div class=\"elementor-widget-wrap\">\n\t\t\t\t\t\t<section class=\"elementor-section elementor-inner-section elementor-element elementor-element-bbbffc7 elementor-section-boxed elementor-section-height-default elementor-section-height-default\" data-id=\"bbbffc7\" data-element_type=\"section\">\n\t\t\t\t\t\t<div class=\"elementor-container elementor-column-gap-default\">\n\t\t\t\t\t\t\t<div class=\"elementor-row\">\n\t\t\t\t\t<div class=\"elementor-column elementor-col-100 elementor-inner-column elementor-element elementor-element-59dfecb\" data-id=\"59dfecb\" data-element_type=\"column\" data-settings=\"{&quot;background_background&quot;:&quot;classic&quot;}\">\n\t\t\t<div class=\"elementor-column-wrap elementor-element-populated\">\n\t\t\t\t\t<div class=\"elementor-background-overlay\"><\/div>\n\t\t\t\t\t\t\t<div class=\"elementor-widget-wrap\">\n\t\t\t\t\t\t<div class=\"elementor-element elementor-element-e254760 elementor-widget elementor-widget-heading\" data-id=\"e254760\" data-element_type=\"widget\" data-widget_type=\"heading.default\">\n\t\t\t\t<div class=\"elementor-widget-container\">\n\t\t\t<h2 class=\"elementor-heading-title elementor-size-default\">Bize Ula\u015f\u0131n<\/h2>\t\t<\/div>\n\t\t\t\t<\/div>\n\t\t\t\t<div class=\"elementor-element elementor-element-71e51f9 elementor-widget elementor-widget-text-editor\" data-id=\"71e51f9\" data-element_type=\"widget\" data-widget_type=\"text-editor.default\">\n\t\t\t\t<div class=\"elementor-widget-container\">\n\t\t\t\t\t<div class=\"elementor-text-editor elementor-clearfix\"><p>\u00c7oban\u00e7e\u015fme Mah. Kalender Sok. Elpa Residence No:7\/2 Bah\u00e7elievler \/ \u0130STANBUL<\/p><p>Tel : +90 535 223 75 98<br \/>E-posta : bilgi@yilmaxgumruk.com<\/p><\/div>\n\t\t\t\t<\/div>\n\t\t\t\t<\/div>\n\t\t\t\t<div class=\"elementor-element elementor-element-d3cd988 elementor-align-left elementor-widget elementor-widget-button\" data-id=\"d3cd988\" data-element_type=\"widget\" data-widget_type=\"button.default\">\n\t\t\t\t<div class=\"elementor-widget-container\">\n\t\t\t\t\t<div class=\"elementor-button-wrapper\">\n\t\t\t<a href=\"#\" class=\"elementor-button-link elementor-button elementor-size-md\" role=\"button\">\n\t\t\t\t\t\t<span class=\"elementor-button-content-wrapper\">\n\t\t\t\t\t\t<span class=\"elementor-button-text\">\u0130LET\u0130\u015e\u0130M FORMU<\/span>\n\t\t<\/span>\n\t\t\t\t\t<\/a>\n\t\t<\/div>\n\t\t\t\t<\/div>\n\t\t\t\t<\/div>\n\t\t\t\t\t\t<\/div>\n\t\t\t\t\t<\/div>\n\t\t<\/div>\n\t\t\t\t\t\t\t\t<\/div>\n\t\t\t\t\t<\/div>\n\t\t<\/section>\n\t\t\t\t\t\t<\/div>\n\t\t\t\t\t<\/div>\n\t\t<\/div>\n\t\t\t\t<div class=\"elementor-column elementor-col-66 elementor-top-column elementor-element elementor-element-567fcc3\" data-id=\"567fcc3\" data-element_type=\"column\">\n\t\t\t<div class=\"elementor-column-wrap elementor-element-populated\">\n\t\t\t\t\t\t\t<div class=\"elementor-widget-wrap\">\n\t\t\t\t\t\t<div class=\"elementor-element elementor-element-12ae926 elementor-widget elementor-widget-induxo-title\" data-id=\"12ae926\" data-element_type=\"widget\" data-widget_type=\"induxo-title.default\">\n\t\t\t\t<div class=\"elementor-widget-container\">\n\t\t\t         <div class=\"section-heading-content\">\n                     <h2 class=\"section-title title-left\">\n                 <span>Y\u00f6netim \u0130lkeleri <\/span>            <\/h2>\n         <\/div><!-- Section title -->\t\t\n         \n\n     \n    \t\t<\/div>\n\t\t\t\t<\/div>\n\t\t\t\t<div class=\"elementor-element elementor-element-e3febdb elementor-widget elementor-widget-induxo-service-lists\" data-id=\"e3febdb\" data-element_type=\"widget\" data-widget_type=\"induxo-service-lists.default\">\n\t\t\t\t<div class=\"elementor-widget-container\">\n\t\t\t      <ul class=\"work-process-list unstyled\">\n                     <li>\n               <span class=\"working-num\"> 1 <\/span>\n               <div class=\"working-text\"> \n                 <b>M\u00fc\u015fteri Odakl\u0131<\/b> <br>\nM\u00fc\u015fterilerin talep ve beklentilerini her y\u00f6n\u00fcyle kar\u015f\u0131layan bir anlay\u0131\u015fa sahip olmak.               <\/div>\n            <\/li>\n                    <li>\n               <span class=\"working-num\"> 2 <\/span>\n               <div class=\"working-text\"> \n                 <b>Deneyimli ve Dinamik<\/b> <br>\nKaliteli hizmetin, ancak alanlar\u0131nda deneyimli, dinamik, de\u011fi\u015fime ve geli\u015fime a\u00e7\u0131k personellerle sa\u011flanabilece\u011fine inanan bir y\u00f6netim anlay\u0131\u015f\u0131 ile \u00e7al\u0131\u015fanlar\u0131n\u0131n hem mesleki hem de ki\u015fisel geli\u015fimlerine katk\u0131 sa\u011flamak.\n\n               <\/div>\n            <\/li>\n                    <li>\n               <span class=\"working-num\"> 3 <\/span>\n               <div class=\"working-text\"> \n                 <b>Hedef Birli\u011fi \u0130\u00e7inde<\/b> <br>\n\u015eirket prensiplerini tak\u0131m ruhu i\u00e7erisinde ortak ak\u0131lla y\u00f6netmek.\n               <\/div>\n            <\/li>\n                    <li>\n               <span class=\"working-num\"> 4 <\/span>\n               <div class=\"working-text\"> \n                 <b>Kat\u0131l\u0131mc\u0131<\/b> <br>\nProblem \u00e7\u00f6zme, fikir \u00fcretme ve karar almada i\u015f birli\u011fine a\u00e7\u0131k.\n               <\/div>\n            <\/li>\n                    <li>\n               <span class=\"working-num\"> 5 <\/span>\n               <div class=\"working-text\"> \n                 <b>Bilgi Tabanl\u0131<\/b> <br>\nBilgileri yerinde, vaktinde, do\u011fru olarak sa\u011flamak ve bu bilgileri kar\u015f\u0131l\u0131kl\u0131 olarak payla\u015fmak.               <\/div>\n            <\/li>\n                    <li>\n               <span class=\"working-num\"> 6 <\/span>\n               <div class=\"working-text\"> \n                 <b>Planl\u0131, Programl\u0131<\/b> <br>\nBelirlenen hedeflere iyi d\u00fc\u015f\u00fcn\u00fclm\u00fc\u015f ve somut bi\u00e7imde planlanm\u0131\u015f ad\u0131mlarla ilerleyerek her a\u015famada sonu\u00e7lar\u0131 de\u011ferlendirip, gelece\u011fi do\u011fru planlamak.               <\/div>\n            <\/li>\n                    <li>\n               <span class=\"working-num\"> 7 <\/span>\n               <div class=\"working-text\"> \n                 <b>\u0130nsan Temelli<\/b> <br>\nBa\u015far\u0131da t\u00fcm bireylerin pay sahibi oldu\u011fu anlay\u0131\u015f\u0131 ile temel \u00f6\u011fenin insan fakt\u00f6r\u00fc oldu\u011funun bilincinde olan y\u00f6netim sistemi.               <\/div>\n            <\/li>\n          \n      <\/ul>\n    \t\t<\/div>\n\t\t\t\t<\/div>\n\t\t\t\t\t\t<\/div>\n\t\t\t\t\t<\/div>\n\t\t<\/div>\n\t\t\t\t\t\t\t\t<\/div>\n\t\t\t\t\t<\/div>\n\t\t<\/section>\n\t\t\t\t\t\t<\/div>\n\t\t\t\t\t\t<\/div>\n\t\t\t\t\t<\/div>\n\t\t","protected":false},"excerpt":{"rendered":"<p>Bize Ula\u015f\u0131n \u00c7oban\u00e7e\u015fme Mah. Kalender Sok. Elpa Residence No:7\/2 Bah\u00e7elievler \/ \u0130STANBUL Tel : +90 535 223 75 98E-posta : bilgi@yilmaxgumruk.com \u0130LET\u0130\u015e\u0130M FORMU Y\u00f6netim \u0130lkeleri 1 M\u00fc\u015fteri Odakl\u0131 M\u00fc\u015fterilerin talep ve beklentilerini her y\u00f6n\u00fcyle kar\u015f\u0131layan bir anlay\u0131\u015fa sahip olmak. 2 Deneyimli ve Dinamik Kaliteli hizmetin, ancak alanlar\u0131nda deneyimli, dinamik, de\u011fi\u015fime ve geli\u015fime a\u00e7\u0131k personellerle sa\u011flanabilece\u011fine [&hellip;]<\/p>\n","protected":false},"author":1,"featured_media":0,"parent":751,"menu_order":0,"comment_status":"closed","ping_status":"closed","template":"template\/full-width-template.php","meta":[],"_links":{"self":[{"href":"https:\/\/yilmaxgumruk.com\/index.php?rest_route=\/wp\/v2\/pages\/1599"}],"collection":[{"href":"https:\/\/yilmaxgumruk.com\/index.php?rest_route=\/wp\/v2\/pages"}],"about":[{"href":"https:\/\/yilmaxgumruk.com\/index.php?rest_route=\/wp\/v2\/types\/page"}],"author":[{"embeddable":true,"href":"https:\/\/yilmaxgumruk.com\/index.php?rest_route=\/wp\/v2\/users\/1"}],"replies":[{"embeddable":true,"href":"https:\/\/yilmaxgumruk.com\/index.php?rest_route=%2Fwp%2Fv2%2Fcomments&post=1599"}],"version-history":[{"count":6,"href":"https:\/\/yilmaxgumruk.com\/index.php?rest_route=\/wp\/v2\/pages\/1599\/revisions"}],"predecessor-version":[{"id":1855,"href":"https:\/\/yilmaxgumruk.com\/index.php?rest_route=\/wp\/v2\/pages\/1599\/revisions\/1855"}],"up":[{"embeddable":true,"href":"https:\/\/yilmaxgumruk.com\/index.php?rest_route=\/wp\/v2\/pages\/751"}],"wp:attachment":[{"href":"https:\/\/yilmaxgumruk.com\/index.php?rest_route=%2Fwp%2Fv2%2Fmedia&parent=1599"}],"curies":[{"name":"wp","href":"https:\/\/api.w.org\/{rel}","templated":true}]}}