{"id":1596,"date":"2020-09-03T19:02:49","date_gmt":"2020-09-03T16:02:49","guid":{"rendered":"http:\/\/yilmaxgumruk.com\/?page_id=1596"},"modified":"2022-08-22T10:13:26","modified_gmt":"2022-08-22T07:13:26","slug":"kisisel-verilerin-korunmasi","status":"publish","type":"page","link":"https:\/\/yilmaxgumruk.com\/?page_id=1596","title":{"rendered":"Ki\u015fisel Verilerin Korunmas\u0131"},"content":{"rendered":"\t\t<div data-elementor-type=\"wp-post\" data-elementor-id=\"1596\" class=\"elementor elementor-1596\" data-elementor-settings=\"[]\">\n\t\t\t\t\t\t<div class=\"elementor-inner\">\n\t\t\t\t\t\t\t<div class=\"elementor-section-wrap\">\n\t\t\t\t\t\t\t<section class=\"elementor-section elementor-top-section elementor-element elementor-element-3ac3cd3 elementor-section-boxed elementor-section-height-default elementor-section-height-default\" data-id=\"3ac3cd3\" data-element_type=\"section\">\n\t\t\t\t\t\t<div class=\"elementor-container elementor-column-gap-default\">\n\t\t\t\t\t\t\t<div class=\"elementor-row\">\n\t\t\t\t\t<div class=\"elementor-column elementor-col-33 elementor-top-column elementor-element elementor-element-70212bb\" data-id=\"70212bb\" data-element_type=\"column\">\n\t\t\t<div class=\"elementor-column-wrap elementor-element-populated\">\n\t\t\t\t\t\t\t<div class=\"elementor-widget-wrap\">\n\t\t\t\t\t\t<section class=\"elementor-section elementor-inner-section elementor-element elementor-element-bd5ad1f elementor-section-boxed elementor-section-height-default elementor-section-height-default\" data-id=\"bd5ad1f\" data-element_type=\"section\">\n\t\t\t\t\t\t<div class=\"elementor-container elementor-column-gap-default\">\n\t\t\t\t\t\t\t<div class=\"elementor-row\">\n\t\t\t\t\t<div class=\"elementor-column elementor-col-100 elementor-inner-column elementor-element elementor-element-15586dc\" data-id=\"15586dc\" data-element_type=\"column\" data-settings=\"{&quot;background_background&quot;:&quot;classic&quot;}\">\n\t\t\t<div class=\"elementor-column-wrap elementor-element-populated\">\n\t\t\t\t\t<div class=\"elementor-background-overlay\"><\/div>\n\t\t\t\t\t\t\t<div class=\"elementor-widget-wrap\">\n\t\t\t\t\t\t<div class=\"elementor-element elementor-element-29944af elementor-widget elementor-widget-heading\" data-id=\"29944af\" data-element_type=\"widget\" data-widget_type=\"heading.default\">\n\t\t\t\t<div class=\"elementor-widget-container\">\n\t\t\t<h2 class=\"elementor-heading-title elementor-size-default\">Bize Ula\u015f\u0131n<\/h2>\t\t<\/div>\n\t\t\t\t<\/div>\n\t\t\t\t<div class=\"elementor-element elementor-element-6f94caa elementor-widget elementor-widget-text-editor\" data-id=\"6f94caa\" data-element_type=\"widget\" data-widget_type=\"text-editor.default\">\n\t\t\t\t<div class=\"elementor-widget-container\">\n\t\t\t\t\t<div class=\"elementor-text-editor elementor-clearfix\"><p>\u00c7oban\u00e7e\u015fme Mah. Kalender Sok. Elpa Residence No:7\/2 Bah\u00e7elievler \/ \u0130STANBUL<\/p><p>Tel : +90 535 223 75 98<br \/>E-posta : bilgi@yilmaxgumruk.com<\/p><\/div>\n\t\t\t\t<\/div>\n\t\t\t\t<\/div>\n\t\t\t\t<div class=\"elementor-element elementor-element-8ac6079 elementor-align-left elementor-widget elementor-widget-button\" data-id=\"8ac6079\" data-element_type=\"widget\" data-widget_type=\"button.default\">\n\t\t\t\t<div class=\"elementor-widget-container\">\n\t\t\t\t\t<div class=\"elementor-button-wrapper\">\n\t\t\t<a href=\"#\" class=\"elementor-button-link elementor-button elementor-size-md\" role=\"button\">\n\t\t\t\t\t\t<span class=\"elementor-button-content-wrapper\">\n\t\t\t\t\t\t<span class=\"elementor-button-text\">\u0130LET\u0130\u015e\u0130M FORMU<\/span>\n\t\t<\/span>\n\t\t\t\t\t<\/a>\n\t\t<\/div>\n\t\t\t\t<\/div>\n\t\t\t\t<\/div>\n\t\t\t\t\t\t<\/div>\n\t\t\t\t\t<\/div>\n\t\t<\/div>\n\t\t\t\t\t\t\t\t<\/div>\n\t\t\t\t\t<\/div>\n\t\t<\/section>\n\t\t\t\t\t\t<\/div>\n\t\t\t\t\t<\/div>\n\t\t<\/div>\n\t\t\t\t<div class=\"elementor-column elementor-col-66 elementor-top-column elementor-element elementor-element-567fcc3\" data-id=\"567fcc3\" data-element_type=\"column\">\n\t\t\t<div class=\"elementor-column-wrap elementor-element-populated\">\n\t\t\t\t\t\t\t<div class=\"elementor-widget-wrap\">\n\t\t\t\t\t\t<div class=\"elementor-element elementor-element-12ae926 elementor-widget elementor-widget-induxo-title\" data-id=\"12ae926\" data-element_type=\"widget\" data-widget_type=\"induxo-title.default\">\n\t\t\t\t<div class=\"elementor-widget-container\">\n\t\t\t         <div class=\"section-heading-content\">\n                     <h2 class=\"section-title title-left\">\n                 <span>Ki\u015fisel Verilerin Korunmas\u0131<\/span>            <\/h2>\n         <\/div><!-- Section title -->\t\t\n         \n\n     \n    \t\t<\/div>\n\t\t\t\t<\/div>\n\t\t\t\t<div class=\"elementor-element elementor-element-6221484 elementor-widget elementor-widget-text-editor\" data-id=\"6221484\" data-element_type=\"widget\" data-widget_type=\"text-editor.default\">\n\t\t\t\t<div class=\"elementor-widget-container\">\n\t\t\t\t\t<div class=\"elementor-text-editor elementor-clearfix\"><p><strong>YILMAX G\u00dcMR\u00dcK M\u00dc\u015eAV\u0130RL\u0130\u011e\u0130 LTD. \u015eT\u0130. K\u0130\u015e\u0130SEL VER\u0130LER\u0130N \u0130\u015eLENMES\u0130 HAKKINDA AYDINLATMA METN\u0130<\/strong><\/p><p>A\u015fa\u011f\u0131da ki\u015fisel verilerinizin YILMAX G\u00dcMR\u00dcK M\u00dc\u015eAV\u0130RL\u0130\u011e\u0130 LTD. \u015eT\u0130. (\u201cY\u0131lmax G\u00fcmr\u00fck M\u00fc\u015favirli\u011fi\u201d) taraf\u0131ndan ne \u015fekilde i\u015flendi\u011fine ili\u015fkin bilgiler ba\u015fl\u0131klar alt\u0131nda sunulmaktad\u0131r.<\/p><p><strong>a) Veri Sorumlusu Hakk\u0131nda<\/strong><\/p><p>Ki\u015fisel verileriniz, 6698 say\u0131l\u0131 Ki\u015fisel Verilerin Korunmas\u0131 Kanunu (\u201cKanun\u201d) kapsam\u0131nda Y\u0131lmax G\u00fcmr\u00fck M\u00fc\u015favirli\u011fi taraf\u0131ndan i\u015flenebilecektir. Kanun kapsam\u0131nda Y\u0131lmax G\u00fcmr\u00fck M\u00fc\u015favirli\u011fi veri sorumlusu olarak kabul edilmektedir.<\/p><p><strong>b) Ki\u015fisel Verilerinizin \u0130\u015flenme Ama\u00e7lar\u0131<\/strong><\/p><p>Ki\u015fisel verileriniz, Kanun\u2019un 5 ve 6 numaral\u0131 maddelerinde listelenen ki\u015fisel verilerin i\u015flenmesine ili\u015fkin \u015fartlara uygun olarak i\u015flenmektedir.<\/p><p>Ki\u015fisel verilerinizin i\u015flenmesi ama\u00e7lar\u0131 tahdidi olmamak \u00fczere: Y\u0131lmax G\u00fcmr\u00fck M\u00fc\u015favirli\u011fi\u2019nin ya da Y\u0131lmax G\u00fcmr\u00fck M\u00fc\u015favirli\u011fi\u2019nin i\u015f ortaklar\u0131n\u0131n hukuki ve ticari g\u00fcvenli\u011finin sa\u011flanmas\u0131, Y\u0131lmax G\u00fcmr\u00fck M\u00fc\u015favirli\u011fi\u2019nin ticari faaliyetlerinin s\u00fcrd\u00fcr\u00fclmesi ile Y\u0131lmax G\u00fcmr\u00fck M\u00fc\u015favirli\u011fi\u2019nin insan kaynaklar\u0131 ve istihdam politikalar\u0131n\u0131n y\u00f6netilmesidir.<\/p><p>Ki\u015fisel verilerinizin hukuka ayk\u0131r\u0131 olarak i\u015flenmesinin ve verilerinize hukuka ayk\u0131r\u0131 olarak eri\u015filmesinin \u00f6nlenmesi ve ki\u015fisel verilerinizin g\u00fcvenli bir \u015fekilde muhafaza edilmesi amac\u0131yla her t\u00fcrl\u00fc gerekli teknik ve idari tedbir al\u0131nmaktad\u0131r.<\/p><p><strong>c) Ki\u015fisel Verilerinizin Payla\u015f\u0131lmas\u0131<\/strong><\/p><p>Ki\u015fisel verileriniz, Y\u0131lmax G\u00fcmr\u00fck M\u00fc\u015favirli\u011fi\u2019nin hissedarlar\u0131yla, i\u015f ortaklar\u0131yla, tedarik\u00e7ileriyle, d\u0131\u015f hizmet sa\u011flay\u0131c\u0131lar\u0131yla ve kanunen yetkili kamu kurum ve kurulu\u015flar\u0131 ile Kanun\u2019un 8 ve 9 numaral\u0131 maddelerinde belirtilen \u015fartlara uygun olarak payla\u015f\u0131labilecektir.<\/p><p>Ki\u015fisel verilerinizin payla\u015f\u0131m ama\u00e7lar\u0131 tahdidi olmamak \u00fczere: Y\u0131lmax G\u00fcmr\u00fck M\u00fc\u015favirli\u011fi\u2019nin ya da Y\u0131lmax G\u00fcmr\u00fck M\u00fc\u015favirli\u011fi\u2019nin i\u015f ortaklar\u0131n\u0131n hukuki ve ticari g\u00fcvenli\u011finin sa\u011flanmas\u0131, Y\u0131lmax G\u00fcmr\u00fck M\u00fc\u015favirli\u011fi\u2019nin ticari faaliyetlerinin s\u00fcrd\u00fcr\u00fclmesi ile Y\u0131lmax G\u00fcmr\u00fck M\u00fc\u015favirli\u011fi\u2019nin insan kaynaklar\u0131 s\u00fcre\u00e7lerinin ve istihdam politikalar\u0131n\u0131n y\u00f6netilmesidir.<\/p><p>Ki\u015fisel verilerinizin payla\u015f\u0131lmas\u0131 halinde gerekli g\u00fcvenlik \u00f6nlemleri al\u0131nmaktad\u0131r.<\/p><p><strong>d) Ki\u015fisel Verilerinizin Toplanma Y\u00f6ntemleri ve Bunlar\u0131n Hukuki Sebepleri<br \/><br \/><\/strong>Y\u0131lmax G\u00fcmr\u00fck M\u00fc\u015favirli\u011fi faaliyetlerini s\u00fcrd\u00fcrmek amac\u0131yla ki\u015fisel verilerinizi, anketler, \u0130nternet siteleri, Y\u0131lmax G\u00fcmr\u00fck M\u00fc\u015favirli\u011fi temsilcileri ve benzeri \u00e7e\u015fitli kanallar vas\u0131tas\u0131yla toplamakta ve de\u011fi\u015fik hukuki sebeplerle Kanun\u2019un 5 ve 6 numaral\u0131 maddelerinde listelenen \u015fartlara uygun olarak i\u015flemektedir.<\/p><p><strong>e) Ki\u015fisel Verilerinize \u0130li\u015fkin Kanun\u2019dan Do\u011fan Haklar\u0131n\u0131z<\/strong><\/p><p>Kanun gere\u011fince ki\u015fisel verilerinize ili\u015fkin olarak a\u015fa\u011f\u0131daki haklara sahipsiniz: Ki\u015fisel veri i\u015flenip i\u015flenmedi\u011fini \u00f6\u011frenme, Ki\u015fisel verileri i\u015flenmi\u015fse buna ili\u015fkin bilgi talep etme, Ki\u015fisel verilerin i\u015flenme amac\u0131n\u0131 ve bunlar\u0131n amac\u0131na uygun kullan\u0131l\u0131p kullan\u0131lmad\u0131\u011f\u0131n\u0131 \u00f6\u011frenme, Yurt i\u00e7inde veya yurt d\u0131\u015f\u0131nda ki\u015fisel verilerin aktar\u0131ld\u0131\u011f\u0131 \u00fc\u00e7\u00fcnc\u00fc ki\u015fileri bilme, Ki\u015fisel verilerin eksik veya yanl\u0131\u015f i\u015flenmi\u015f olmas\u0131 h\u00e2linde bunlar\u0131n d\u00fczeltilmesini isteme, Kanun\u2019un 7. maddesinde \u00f6ng\u00f6r\u00fclen \u015fartlar \u00e7er\u00e7evesinde ki\u015fisel verilerin silinmesini veya yok edilmesini isteme, 5 ve 6 numaral\u0131 maddeler uyar\u0131nca yap\u0131lan i\u015flemlerin ki\u015fisel verilerin aktar\u0131ld\u0131\u011f\u0131 \u00fc\u00e7\u00fcnc\u00fc ki\u015filere bildirilmesini isteme, \u0130\u015flenen verilerin m\u00fcnhas\u0131ran otomatik sistemler vas\u0131tas\u0131yla analiz edilmesi suretiyle ki\u015finin kendisi aleyhine bir sonucun ortaya \u00e7\u0131kmas\u0131na itiraz etme, Ki\u015fisel verilerin kanuna ayk\u0131r\u0131 olarak i\u015flenmesi sebebiyle zarara u\u011framas\u0131 h\u00e2linde zarar\u0131n giderilmesini talep etme. Yukar\u0131da belirtilen haklar\u0131n\u0131z\u0131 kullanmak i\u00e7in Y\u0131lmax G\u00fcmr\u00fck M\u00fc\u015favirli\u011fi\u2019e yaz\u0131l\u0131 olarak ba\u015fvurabilir ve s\u00f6z konusu ba\u015fvuruyu a\u015fa\u011f\u0131da belirtilen adres bilgilerine g\u00f6nderebilirsiniz. Ki\u015fisel Verileri Koruma Kurulu taraf\u0131ndan yeni ba\u015fvuru y\u00f6ntemleri belirlenmesi halinde, bu y\u00f6ntemler Y\u0131lmax G\u00fcmr\u00fck M\u00fc\u015favirli\u011fi taraf\u0131ndan duyurulacakt\u0131r.<\/p><p>Bu kapsamda yapaca\u011f\u0131n\u0131z ba\u015fvurular m\u00fcmk\u00fcn olan en k\u0131sa zaman diliminde ve en \u00e7ok 30 g\u00fcn i\u00e7erisinde sonu\u00e7land\u0131r\u0131lacakt\u0131r. S\u00f6z konusu ba\u015fvurular \u015fu an i\u00e7in \u00fccretsizdir. Ancak Ki\u015fisel Verileri Koruma Kurulu\u2019nun \u00fccret tarifesi belirlemesi durumunda, bu tarifeye uygun olarak \u00fccretlendirme yap\u0131labilecektir.<\/p><p><strong>f) \u0130leti\u015fim Bilgileri<\/strong><\/p><p>A\u00e7\u0131klanan haklar\u0131n\u0131z\u0131 kullanmak i\u00e7in gerekli kimlik bilgilerinizi, kullanmak istedi\u011finiz hakk\u0131 ve talebinizin konusunu anlatan detayl\u0131 a\u00e7\u0131klaman\u0131z\u0131 i\u00e7eren a\u015fa\u011f\u0131da yer alan Ba\u015fvuru Formunu, bu Ba\u015fvuru Formunda belirtilen adrese iadeli taahh\u00fctl\u00fc mektup kullanarak g\u00f6nderebilirsiniz.<\/p><\/div>\n\t\t\t\t<\/div>\n\t\t\t\t<\/div>\n\t\t\t\t\t\t<\/div>\n\t\t\t\t\t<\/div>\n\t\t<\/div>\n\t\t\t\t\t\t\t\t<\/div>\n\t\t\t\t\t<\/div>\n\t\t<\/section>\n\t\t\t\t\t\t<\/div>\n\t\t\t\t\t\t<\/div>\n\t\t\t\t\t<\/div>\n\t\t","protected":false},"excerpt":{"rendered":"<p>Bize Ula\u015f\u0131n \u00c7oban\u00e7e\u015fme Mah. Kalender Sok. Elpa Residence No:7\/2 Bah\u00e7elievler \/ \u0130STANBUL Tel : +90 535 223 75 98E-posta : bilgi@yilmaxgumruk.com \u0130LET\u0130\u015e\u0130M FORMU Ki\u015fisel Verilerin Korunmas\u0131 YILMAX G\u00dcMR\u00dcK M\u00dc\u015eAV\u0130RL\u0130\u011e\u0130 LTD. \u015eT\u0130. K\u0130\u015e\u0130SEL VER\u0130LER\u0130N \u0130\u015eLENMES\u0130 HAKKINDA AYDINLATMA METN\u0130 A\u015fa\u011f\u0131da ki\u015fisel verilerinizin YILMAX G\u00dcMR\u00dcK M\u00dc\u015eAV\u0130RL\u0130\u011e\u0130 LTD. \u015eT\u0130. (\u201cY\u0131lmax G\u00fcmr\u00fck M\u00fc\u015favirli\u011fi\u201d) taraf\u0131ndan ne \u015fekilde i\u015flendi\u011fine ili\u015fkin bilgiler ba\u015fl\u0131klar [&hellip;]<\/p>\n","protected":false},"author":1,"featured_media":0,"parent":751,"menu_order":0,"comment_status":"closed","ping_status":"closed","template":"template\/full-width-template.php","meta":[],"_links":{"self":[{"href":"https:\/\/yilmaxgumruk.com\/index.php?rest_route=\/wp\/v2\/pages\/1596"}],"collection":[{"href":"https:\/\/yilmaxgumruk.com\/index.php?rest_route=\/wp\/v2\/pages"}],"about":[{"href":"https:\/\/yilmaxgumruk.com\/index.php?rest_route=\/wp\/v2\/types\/page"}],"author":[{"embeddable":true,"href":"https:\/\/yilmaxgumruk.com\/index.php?rest_route=\/wp\/v2\/users\/1"}],"replies":[{"embeddable":true,"href":"https:\/\/yilmaxgumruk.com\/index.php?rest_route=%2Fwp%2Fv2%2Fcomments&post=1596"}],"version-history":[{"count":12,"href":"https:\/\/yilmaxgumruk.com\/index.php?rest_route=\/wp\/v2\/pages\/1596\/revisions"}],"predecessor-version":[{"id":1854,"href":"https:\/\/yilmaxgumruk.com\/index.php?rest_route=\/wp\/v2\/pages\/1596\/revisions\/1854"}],"up":[{"embeddable":true,"href":"https:\/\/yilmaxgumruk.com\/index.php?rest_route=\/wp\/v2\/pages\/751"}],"wp:attachment":[{"href":"https:\/\/yilmaxgumruk.com\/index.php?rest_route=%2Fwp%2Fv2%2Fmedia&parent=1596"}],"curies":[{"name":"wp","href":"https:\/\/api.w.org\/{rel}","templated":true}]}}